 2) + -9)
10
What is the value of 8 + -41 + 12 + 9 - -17?
5
What is (-14 - (-43 - -28)) + (-8 - -1)?
-6
What is the value of 17 - (31 - (14 + 5))?
5
What is the value of 9 + (-38 - (-14 - (-5 + 2)))?
-18
What is 0 - 0 - (680 + -670)?
-10
(6 - 21) + 2 + -16 - 0
-29
Evaluate -11 + -8 + 8 + 5 + (11 - -2).
7
Evaluate 8 + (1 - -3 - (-40 - -46 - 8)).
14
11 - (-8 - (-47 - -6))
-22
Calculate 8 + -1 - (-18 - (21 - 35)).
11
-8 + -3 + 2 + -12 + 7
-14
What is the value of 15 - (13 + -23 - -23)?
2
What is the value of (-3 + -4 - -8) + -4?
-3
What is 7 - 5 - -20 - (-28 - (-20 - 1))?
29
Calculate (35 + -37 - (-2 + -21)) + (1 - 7).
15
Evaluate 15 - (-17 - -13 - -6).
13
Calculate 1 + 20 - (8 + -34 + 34).
13
-8 + (-5 - (14 + -17 + -21 + 3))
8
What is the value of 9 - (-2 + 16 + -24)?
19
Calculate -2 - ((5 - -3) + 0).
-10
Evaluate -8 + (1 - 1) + 187 + -198.
-19
-1 + -1 + -10 + 0
-12
-2 + 3 + (-8 - (-8 - (-7 - -2)))
-4
Calculate -17 + 5 + -2 + (6 - 13).
-21
Evaluate (0 - (-1 - (-3 + 2))) + 553 + -547.
6
Evaluate 8 - (-22 - (-83 + 25)).
-28
Evaluate 19 - 14 - 13 - -13.
5
(11 - 7 - 3) + 11 + 2
14
What is the value of 1 + 48 + (63 - (35 + 44))?
33
Calculate (-1 - (17 + -9 + 5)) + -3 + 8.
-9
Calculate -31 - -14 - (-18 - -6 - -10).
-15
Evaluate 0 + 10 - (29 - 35 - -12).
4
What is the value of (5 + -2 - -1) + -3 + -8 + 2?
-5
What is -24 - (-1 + -10) - 0?
-13
Evaluate -8 + -13 + 18 + 7 - 26.
-22
Evaluate -6 + (2 - (0 - -1)) + (7 - 13).
-11
Evaluate 20 + -30 - -10 - -17.
17
Calculate (24 - 6 - -15) + (4 - (3 - 0)).
34
What is 1 - -3 - (19 - (-26 - -49))?
8
Calculate -10 + 10 + -4 + -2 - (2 + 2).
-10
Evaluate 4 - 2 - ((9 - 6) + (1 - -3)).
-5
Evaluate 4 - -15 - 13 - 16.
-10
What is the value of 16 + -15 + 10 + (7 - -7) + 1?
26
What is the value of -8 - -1 - (-368 + 369)?
-8
What is (13 - 4) + (-7 - (2 - 24))?
24
What is (5 - 17) + 8 + -3 - 1?
-8
Calculate 7 - 5 - -5 - (2 + 3 + -8).
10
What is the value of (0 - -2 - -17) + (34 - 45)?
8
(2 - 0) + 12 + 3 + (3 - 2)
18
What is the value of 38 + -6 + -30 + 15?
17
Evaluate (-34 - (39 + -70)) + -2 + 1.
-4
Evaluate -2 + 8 - (12 - 14).
8
Evaluate 13 + 0 + (37 - 13) - (9 + 1).
27
Calculate -4 - ((2 - -3) + (-3 - 5)) - -3.
2
What is the value of (8 - -3) + -30 + 2?
-17
What is the value of -14 + 6 - (6 + -3 - 1)?
-10
What is the value of 28 - 39 - (20 + 1 + (11 - 7))?
-36
-7 + -1 + (330 - 335)
-13
What is the value of (-1 - -15) + 7 - 7 - (8 - -1)?
5
Calculate (13 - (-1 - -3)) + -26.
-15
What is -9 - (-2 + 10 + 3 + -6 + -10)?
-4
Calculate (8 - -4) + 13 - 19.
6
What is -2 + (-9 - 2) - -9?
-4
Evaluate -15 + (3 - (7 - 5 - (1 + 1))).
-12
Calculate 16 + (-18 - (13 + -9)).
-6
(-29 - -21) + (24 - 32)
-16
Evaluate (9 - -12 - 2) + 8.
27
What is the value of (8 - 5) + -2 - 6 - -3 - -3?
1
Calculate -27 + (-6 - (11 + (18 - 30))).
-32
Evaluate (-35 - -19 - 13) + 22.
-7
What is the value of (4 - 3) + -4 + -4 - (28 + -26)?
-9
What is -1 + -4 + 6 + 18?
19
-5 + (5 + 0 + 2 - 0) + -4
-2
Evaluate (9 - -30) + (-31 - -16 - -7).
31
Calculate 13 + -5 - (-15 - -12) - 13.
-2
What is -241 - -235 - (-1 - -6)?
-11
What is the value of 30 - (-13 - (-10 + -5))?
28
Calculate -2 + 1 + -20 + (-1380 - -1389).
-12
What is the value of 0 - 21 - (-8 - 8 - -8)?
-13
What is (-3 + -1 - -1) + (14 - 13 - 5)?
-7
Calculate 13 + 12 + -20 + (-8 - -2 - 1).
-2
What is (-12 - (84 + -107 + 2 + 8)) + -17?
-16
What is the value of 17 - (13 + (10 + -18 - 1))?
13
Evaluate 6 + 0 + -3 + 2 + -14 + 6.
-3
Evaluate (-19 - (-4 - -2) - -3) + 29.
15
Evaluate -629 + 593 - (1 - 11 - 2).
-24
Calculate 1 + 3 + 36 - (32 - 18).
26
13 + -1 - (-9 + (-12 - -20))
13
Calculate (228 - 237) + (16 + 2 - 0).
9
What is 9 - (64 - 73 - (1 - 6))?
13
Calculate 27 + 1 + 71 + -100.
-1
What is 1 + -2 - (10 + -6 + -7)?
2
12 + 13 + 13 + -29
9
Evaluate (18 - 13) + (1 - -6).
12
What is 58 + -62 - (3 + (-30 - 3) - -5)?
21
(1 - ((11 - 4) + -7 + 4)) + 8
5
Calculate 8 - ((-16 - -12) + 12).
0
(-36 - -31) + (-3 - -3) + 0
-5
What is the value of (-9 + -2 - -13) + -12?
-10
What is (-7 + 0 - 0) + 16 + -11 - -8?
6
27 - 37 - (-22 + 34 - (4 - 1))
-19
What is 5 - (-1 + 5 + (-20 - -24 - 6))?
3
Evaluate -8 - 0 - (8 - (-8 + 21)).
-3
What is 11 + 5 + 58 + -69?
5
Evaluate -7 + (-37 - (-12 - 0)) + 11.
-21
-27 + (27 - -1) + 2 + 0 + 0
3
-7 - (-23 + 17 + -1 + 4 + 7)
-11
Evaluate -26 + (23 - 28) + 39.
8
5 - (-18 + (-7 - -21))
9
What is the value of (12 - -1) + (-1 - (7 - 17))?
22
Evaluate -39 - (12 + -25 - 10).
-16
Calculate 11 - 5 - (20 + -14).
0
Calculate (19 - 20 - 6) + 14.
7
Evaluate -1 + (17 - 9) + -18 - -37.
26
What is 10 + -2 + 22 + -9?
21
What is 12 - 27 - -28 - 6 - 29?
-22
What is (-10 + (10 - 8) - -10) + -5 + 2?
-1
Calculate 26 + 8 + -20 + -3.
11
2 + 5 + -12 - (4 + 6)
-15
What is the value of (8 - (-22 + 30)) + -16?
-16
Calculate (-1 - 6) + (11 + -10 - (-1 - -7)).
-12
Calculate 14 + (-12 - -7) - 9.
0
Evaluate -13 + 8 + -29 + 0 + 19 + -13.
-28
Evaluate (10 + (4 - 13) - -5) + -11.
-5
-3 - (11 + -19) - (1 - (-21 - 5))
-22
What is 2 - (-88 + 84 + (0 - 3))?
9
Evaluate 6 - ((80 - 82) + 1 + 9).
-2
Evaluate -5 + (1 - (11 + -3 - -1)).
-13
What is the value of -1 - ((8 - (-3 - -1)) + (-18 - -13))?
-6
Evaluate -14 - (-23 - (2 - 5)) - -17.
23
Calculate (12 - 9) + -5 + (-6 - -2) + -1.
-7
What is (-1 - 0) + -4 + (2119 - 2109)?
5
Evaluate 7 - (-8 + 8 - -15).
-8
What is the value of -8 + 32 - -15 - 30?
9
What is (-7 - -2) + (7 - 4) + (-17 - -2)?
-17
-1 + (3 - (-22 + 12))
12
What is the value of -11 + -4 + 11 - (6 - 5)?
-5
Evaluate -2 - (0 + (-14 + 6 - -2)) - -13.
17
(-8 - (-4 + 4 + -2)) + -5
-11
Calculate (12 + -14 + 7 + -6 - 0) + 9.
8
What is the value of 2 - (34 + -5 + -17)?
-10
What is -4 - (-1 - (-14 + 3) - (22 - 0))?
8
What is the value of 8 + 1 + 169 + -180?
-2
15 - (43 + 1 + -14)
-15
Calculate -11 + -5 + (149 - 151).
-18
What is the value of 9 + 1 + -683 + 653?
-20
Evaluate (11 - (2 + -14)) + (-11 - -12).
24
Evaluate -1 - (3 + -12 + 7).
1
Calculate 45 + -37 - (0 + 13) - 11.
-16
What is -13 + (6 - 3 - -4) - (-11 - -2)?
3
0 + -12 - (-88 + 61 - -44)
-29
Calculate (16 - (1 + 0 - (78 - 85))) + -5.
3
Evaluate -14 + -7 + (-22 - -15) + -1.
-29
Evaluate 10 + (-24 - (31 + -20)).
-25
8 - ((4 - 6 - 2) + 6) - 6
0
Evaluate (-16 + (-17 - -63) - -1) + -5.
26
Calculate (22 - 18) + -6 + -10.
-12
1 + 4 + -13 + -4 + 22
10
Calculate 4 + -22 + (-8 - -17) - (2 + -7).
-4
What is 564 + -565 - (-2 - 25)?
26
Calculate (-36 + 74 - 53) + (1 + 3 - 0).
-11
Evaluate 5 - (6 + (-24 - -7) + 43 + 3).
-30
What is -31 + (7 - 2) + (-10 - (-18 + 3))?
-21
Calculate (-3 - 7) + -5 + 27 + 8.
20
Calculate 31 + -7 + (-21 - -1).
4
Calculate (2 + -1 + -1 - (284 + -297)) + 0.
13
(1 + 5 - 11) + (17 - 9)
3
What is (0 - (12 + -10 + 10)) + 33?
21
What is the value of 2 + 2 - (-1 - -3) - (-1026 + 1034)?
-6
Calculate (232 - 254 - (1 - 29)) + -11 + 0.
-5
(5 - 2) + 5 + 1 + -32 + 31
8
What is -2 + (5 - 1) - 22 - (8 + -7)?
-21
(-1 - 2) + -22 + 13 - -21
9
(5 - 23) + 5 + (-6 - (2 - 6))
-15
Calculate -14 + -1 + 552 + -559.
-22
What is -301 - -295 - (1 + -16 + 2)?
7
Calculate 0 + -19 - -1 - (396 + -401).
-13
What is -3 + (8 - 1) + -7 - 7?
-10
Calculate -50 + 39 + (1 - 5) - 3.
-18
(9 - 15 - 1) + 18
11
What is -4 + (20 - 9) + 0?
7
What is the value of (-4 - -3) + (17 - 9) - (-6 - 0)?
13
Evaluate 12 + 2 + -28 + -23 + 11.
-26
Evaluate (0 - -9) + -181 + 173.
1
What is the value of (135 - 141) + (0 + 2 - -1) + 19?
16
11 + (-41 - (16 - 32))
-14
Evaluate 10 - (28 + -5 + 1 + -3).
-11
What is -2 + (-11 - (-6 - 2)) + -4?
-9
-1 + 2 + (-77 - -72) + 15
11
Calculate -21 - (8 - -33) - -30.
-32
What is the value of 1 - (-3 - (-5 + 1)) - (90 + -80)?
-10
What is (12 - (44 - 26)) + 7?
1
What is (20 - 37) + -1 + -18 + 16?
-20
What is 1 + -5 + (21 - (33 - 12)) - 14?
-18
(-23 - 25 - -14) + 16
-18
What is the value of 10 - (19 + 0 + -21)?
12
Evaluate -15 - ((11 - -3) + -18).
-11
What is the value of 10 + 23 + -28 - -1?
6
What is the value of -4 + -1 + 15 + -9 + -13?
-12
What is the value of -7 - (13 + -11) - (-1 - 6)?
-2
(16 + -44 - -14) + 9
-5
24 - (9 - 5 - -6 - 16)
30
What is the value of 0 + -7 + (2 - 7) + 5?
-7
Calculate 29 + -4 - (45 - 33).
13
Calculate (0 - -14) + -18 - 16.
-20
What is (-21 - (4 - (6 - -8))) + (2 - 3)?
-12
What is -3 + -13 - 3 - -32?
13
What is the value of (12 - (-13 + 14)) + -18?
-7
What is the value 